{"id":24,"date":"2021-05-09T12:03:03","date_gmt":"2021-05-09T12:03:03","guid":{"rendered":"https:\/\/test.thordronics.de\/?page_id=24"},"modified":"2021-05-09T12:03:03","modified_gmt":"2021-05-09T12:03:03","slug":"dreh-dich-um-kuchen","status":"publish","type":"page","link":"https:\/\/www.foerderverein-kita-pye.de\/?page_id=24","title":{"rendered":"Dreh-dich-um-Kuchen"},"content":{"rendered":"\n<p>Es handelt sich hierbei um einen K\u00e4sekuchen, bei dem zun\u00e4chst ein R\u00fchrteig unten in die Backform kommt und die Quarkf\u00fcllung darauf verteilt wird.<\/p>\n\n\n\n<p>W\u00e4hrend des Backens sinkt die Quarkf\u00fcllung nach unten und der R\u00fchrteigboden ist oben, das passiert nach ca. 15 Min. automatisch.<\/p>\n\n\n\n<p>Zutaten<\/p>\n\n\n\n<p>300 g Zucker<\/p>\n\n\n\n<p>&nbsp;150 g Mehl<\/p>\n\n\n\n<p>Ei(er)<\/p>\n\n\n\n<p>300 g Margarine, weich<\/p>\n\n\n\n<p>2 Pck. Vanillezucker<\/p>\n\n\n\n<p>3\/4 Pck. Backpulver<\/p>\n\n\n\n<p>500 g Magerquark<\/p>\n\n\n\n<p>1 Pck. Puddingpulver, (Vanillepuddingpulver)<\/p>\n\n\n\n<p>1 Zitrone(n), den Saft davon<\/p>\n\n\n\n<h1 class=\"wp-block-heading\">Zubereitung<\/h1>\n\n\n\n<p>Arbeitszeit: ca. 35 Min. \/<\/p>\n\n\n\n<p>Koch-\/Backzeit: ca. 55 Min.<\/p>\n\n\n\n<p>Ruhezeit: ca. 5 Min. \/<\/p>\n\n\n\n<p>Schwierigkeitsgrad: simpel<\/p>\n\n\n\n<p>F\u00fcr den Boden 150 g Mehl, 150 g Zucker, 150 g Margarine, 3 Eier, 2 Pck. Vanillezucker, 3\/4 Pck. Backpulver miteinander verr\u00fchren und in eine gefettete Springform (26cm) f\u00fcllen.<\/p>\n\n\n\n<p>F\u00fcr den Belag 150 g Zucker, 150 g Margarine, 500 g Quark, 1 Packung Vanillepudding, 3 Eier, Saft einer Zitrone miteinander verr\u00fchren und auf den Boden in der Springform f\u00fcllen.<\/p>\n\n\n\n<p>Bei 180 Grad Umluft ca. 55 Min. backen. Bitte eine St\u00e4bchenprobe machen, um zu testen, ob der Kuchen fertig ist und gegebenenfalls noch ein paar Minuten Backzeit zugeben. Nach der Backzeit den Kuchen im Ofen ein paar Minuten ruhen lassen. Viel Spa\u00df beim Backen!<\/p>\n\n\n\n<p><\/p>\n","protected":false},"excerpt":{"rendered":"<p>Es handelt sich hierbei um einen K\u00e4sekuchen, bei dem zun\u00e4chst ein R\u00fchrteig unten in die Backform kommt und die Quarkf\u00fcllung darauf verteilt wird. W\u00e4hrend des Backens sinkt die Quarkf\u00fcllung nach [&hellip;]<\/p>\n","protected":false},"author":2,"featured_media":0,"parent":0,"menu_order":0,"comment_status":"closed","ping_status":"closed","template":"","meta":{"footnotes":""},"class_list":["post-24","page","type-page","status-publish","hentry"],"_links":{"self":[{"href":"https:\/\/www.foerderverein-kita-pye.de\/index.php?rest_route=\/wp\/v2\/pages\/24","targetHints":{"allow":["GET"]}}],"collection":[{"href":"https:\/\/www.foerderverein-kita-pye.de\/index.php?rest_route=\/wp\/v2\/pages"}],"about":[{"href":"https:\/\/www.foerderverein-kita-pye.de\/index.php?rest_route=\/wp\/v2\/types\/page"}],"author":[{"embeddable":true,"href":"https:\/\/www.foerderverein-kita-pye.de\/index.php?rest_route=\/wp\/v2\/users\/2"}],"replies":[{"embeddable":true,"href":"https:\/\/www.foerderverein-kita-pye.de\/index.php?rest_route=%2Fwp%2Fv2%2Fcomments&post=24"}],"version-history":[{"count":0,"href":"https:\/\/www.foerderverein-kita-pye.de\/index.php?rest_route=\/wp\/v2\/pages\/24\/revisions"}],"wp:attachment":[{"href":"https:\/\/www.foerderverein-kita-pye.de\/index.php?rest_route=%2Fwp%2Fv2%2Fmedia&parent=24"}],"curies":[{"name":"wp","href":"https:\/\/api.w.org\/{rel}","templated":true}]}}